 j is divided by 4?
1
Let t(g) = g + 5. Calculate the remainder when 60 is divided by t(3).
4
Let s(i) = -5*i**3 + i**2 - 2*i - 2. What is the remainder when 15 is divided by s(-1)?
3
Let a = -21 - -31. Calculate the remainder when 38 is divided by a.
8
Let i = -64 + 21. Let y = -61 - i. What is the remainder when (-996)/y - (-1)/(-3) is divided by 19?
17
Suppose 4*o - 2*m = 294, -5*o - 2*m + 37 = -326. Let a = o + -39. Calculate the remainder when a is divided by 12.
10
Suppose -11*u - 80 = -16*u. What is the remainder when 29 is divided by u?
13
Let b(r) = r**2 + 11*r - 3. What is the remainder when 25 is divided by b(-12)?
7
What is the remainder when (-37)/(-7) - 28/98 is divided by 3?
2
Suppose 0*t + 4*t + m = 259, 2*m + 197 = 3*t. Suppose 3*r - 79 = -13. What is the remainder when t is divided by r?
21
Suppose -2*w = 2*w - 132. Calculate the remainder when 63 is divided by w.
30
Suppose 3*j + 9 = -0*j. What is the remainder when 31 is divided by 11 - (-3)/j*3?
7
Suppose 0 = 4*j - 9*j + 55. What is the remainder when j is divided by 3?
2
Let r = 2 + 21. What is the remainder when 43 is divided by r?
20
Let t(k) = 4 + k**3 + 2*k**2 - 3 - 3*k + 0*k. Calculate the remainder when t(2) is divided by 6.
5
Let j(g) = 32 - 18 + 4*g - 5*g. Let d = -89 + 127. Calculate the remainder when d is divided by j(4).
8
Let j = -23 - -28. Calculate the remainder when 13 is divided by j.
3
Suppose k - 5*t - 16 = -8*t, -2*k = 5*t - 30. Suppose 1 = -0*j + j. What is the remainder when ((-1)/1)/j + 29 is divided by k?
8
Calculate the remainder when (188/6)/(24/36) is divided by 12.
11
Suppose 0 = 4*h - 34 - 10. What is the remainder when 1900/44 + (-2)/h is divided by 11?
10
Let k(f) = -f**2 - 4*f - 4. Let c be k(-3). What is the remainder when 48 is divided by (-13 + 0)/(-2 - c)?
9
Suppose 0 = 5*y - y - 116. Let f = y - 15. Let g = -10 + f. Calculate the remainder when 5 is divided by g.
1
Suppose 6*j - 43 = -1. Calculate the remainder when 9 is divided by j.
2
Let v(n) = n**3 - 5*n**2 - 5*n - 4. Let r be v(6). What is the remainder when 19 is divided by r/(-8) + (-90)/(-8)?
8
Calculate the remainder when 39 - (0 + 1)/1 is divided by 8.
6
Let h(v) = 7*v**2 - 13*v - 14. Let g(j) = 3*j**2 - 6*j - 7. Let f(d) = 5*g(d) - 2*h(d). Calculate the remainder when f(-6) is divided by 18.
17
What is the remainder when 71 is divided by (4 + (-36)/8)*-38?
14
Let b = 3 + -1. Suppose -6 + b = -4*q. Suppose -2*w + 4*h - q = -5*w, -2*w + 10 = -2*h. Calculate the remainder when 8 is divided by w.
2
Suppose -2*x = -w + 6, x = -3*x + 16. What is the remainder when (-25)/2*(-1 - 1) is divided by w?
11
Let n(i) = i**2 - 11*i + 57. Let r(q) = 16*q**2 + 1. Calculate the remainder when n(10) is divided by r(-1).
13
Let v be (-3)/(-6)*-2 - -2. Let q be (-106)/(-6) - v/(-3). Suppose -m + q = -5. Calculate the remainder when 44 is divided by m.
21
Suppose 3 = 3*t - 0*h - 3*h, -2*t = h - 11. Suppose -4*s + 25 = -t*o + 89, 0 = -5*s + 5. Let j = 4 + 2. What is the remainder when o is divided by j?
5
What is the remainder when 40 is divided by (-1 + (-6)/(-4))*(25 + 5)?
10
What is the remainder when (1 + -3)*-9*3 is divided by 28?
26
Suppose 2*k + 4*z = 1 + 23, k - 3*z = 27. What is the remainder when 35 is divided by k?
17
Let s = -112 - -43. Let a = s - -46. Let k = -9 - a. What is the remainder when k is divided by 5?
4
Let n = -53 - -56. What is the remainder when n is divided by 1?
0
Let n(x) = -x + 10. Let a be n(8). What is the remainder when 12 - 2*a/4 is divided by 6?
5
Let a(f) = 4*f**3 - 3 + f**3 + f + 4 + f**2 - 2. Let p(w) = -w**3 + 6*w**2 - 4*w + 1. Calculate the remainder when p(4) is divided by a(1).
5
Let d = 31 - 11. Suppose -6*v = -2*v - d. What is the remainder when v is divided by 2?
1
Let d = 9 + -4. Let r(j) = -j**3 + 6*j**2 + 9*j - 9. Let s be r(7). Let g = -2 + s. What is the remainder when d is divided by g?
2
Suppose -33 = -2*x + 101. Calculate the remainder when x is divided by 23.
21
Let k(g) = -3*g - 8. Suppose -3*r = -2*l + 48, 4*r + 4 = 12. Calculate the remainder when l is divided by k(-6).
7
Suppose -3*q = o - 6*q - 24, 2*q + 46 = 4*o. Suppose 78 = 5*f - 47. What is the remainder when f is divided by o?
7
Calculate the remainder when 55 is divided by (-2)/(-11) - (-456)/33.
13
Let u = -13 + 22. What is the remainder when 16 is divided by u?
7
Let u(g) = g**3 - 9*g**2 + 4*g + 3. Let b(l) = -l**2. Let v(x) = -4*b(x) + u(x). Let h be v(4). Calculate the remainder when 1*9/h + 3 is divided by 4.
2
Let d(n) = n**2 + 7*n + 2. Let a(t) = t**2 + 8*t + 3. Let c(w) = -6*a(w) + 7*d(w). Calculate the remainder when 7 is divided by c(-3).
1
Let z = -4 - -5. Calculate the remainder when 27/z + 1 + -3 is divided by 13.
12
Let q(p) = -p**2 - 10*p - 3. Suppose 0 = t - f - 29, -2*f + 15 = 2*t - 27. Let r be (-6)/9 - t/3. What is the remainder when q(r) is divided by 4?
2
Calculate the remainder when 13 is divided by ((-56)/24)/(3/(-9)).
6
Let v(q) = 31*q + 4. What is the remainder when v(5) is divided by 27?
24
Suppose 3*x - 72 = -x. What is the remainder when 49 is divided by x?
13
Suppose 93 = w + 3*h, 0*w + 153 = 2*w - 5*h. Calculate the remainder when w is divided by 22.
18
Suppose 5*s + 4*z - 36 = 0, 2*s + z - 3 = 9. Suppose s*w + 2 - 18 = 0. Calculate the remainder when 6 is divided by w.
2
Let o(z) = 6*z**2 + 2*z - 1. What is the remainder when o(-2) is divided by (-3 - 2)*(-4)/4?
4
What is the remainder when 25 - (1 + -1)/(-2) is divided by -2 - -6 - (-13 - (-6 + 3))?
11
Suppose c + 221 = 4*k + 2*c, 9 = -3*c. What is the remainder when 167 is divided by k?
55
Let n(s) = s**2 - 8*s + 7. Let z be n(7). Let h = z - -7. Calculate the remainder when 26 is divided by h.
5
Let g(y) = -y**3 - 3*y**2 - 11*y - 4. What is the remainder when g(-4) is divided by 30?
26
Suppose -3*q = 3*v - 36, -5*v + q = 3*q - 69. Let f(n) = -n**2 - 5*n - 4. Let l be f(-3). What is the remainder when v is divided by l + (-7)/(21/(-18))?
7
Let c = 17 - 13. Calculate the remainder when (-12)/(-2)*(0 - -1) is divided by c.
2
Suppose -3*h = 0, -5*h - 16 = g + 3*g. Calculate the remainder when (49 + -3)*g/(-8) is divided by 6.
5
Suppose 6 + 8 = -2*c. Let g(b) = -b - 1. Let y be g(c). Calculate the remainder when 55 is divided by 165/9 + 4/y.
17
Let f(o) = -o**2 - 24*o + 22. Calculate the remainder when 63 is divided by f(-24).
19
Let a(o) = o**2 + 8*o - 12. Calculate the remainder when 34 is divided by a(-11).
13
Let p(k) = -k**3 - 6*k**2 - 5*k + 12. What is the remainder when p(-6) is divided by 11?
9
Let x(s) = 22*s**3 + s**2 - 2*s + 1. Let h(u) = -u**2 + 2*u + 4. Let a be h(3). Let q(n) = -n**2 + n + 42. What is the remainder when q(0) is divided by x(a)?
20
Suppose u - 12 = -1. Let q(w) = -w**2 + 12*w + 9. What is the remainder when q(11) is divided by u?
9
Suppose 0 = 2*z - 2 - 2. Suppose z*d + 171 = 5*d. What is the remainder when d is divided by 15?
12
Let n = 4 + 0. Suppose -108 = -4*v - n*u - 12, -2*v = -4*u - 18. What is the remainder when 37 is divided by v?
18
Suppose -2*d + 244 = 2*j, 5*j + 3*d - 613 = d. What is the remainder when j is divided by 25?
23
Let f be (-10)/25*(1 - 21). Suppose 5*n + 27 = -7*d + f*d, -2*d - 2*n = -42. Calculate the remainder when d is divided by 6.
4
Let h(n) = n**2. Let f(v) = -v**2 - 5 + 2 + 2*v**2 + 1 - 7*v. Calculate the remainder when f(9) is divided by h(-3).
7
Let d be (-15)/(-3) - 0/(-1). Suppose -d*r - 16 = -146. Let c(p) = p**3 + 7*p**2 + 4*p + 2. What is the remainder when r is divided by c(-6)?
12
Suppose 93 + 51 = 3*b. Suppose -3*g + g + 58 = 5*t, -b = -4*t - 2*g. Calculate the remainder when 19 is divided by t.
9
Let f(z) = z**2 + z + 6. Suppose -27 = 4*t + 5. Let o = t + 13. Calculate the remainder when f(o) is divided by 13.
10
Let n(z) = -z**2 + 9*z - 8. Let a be 1/(11/(-6) + 2). What is the remainder when 57/2 - 1/(-2) is divided by n(a)?
9
Suppose 63 = k - 0*k. What is the remainder when k is divided by 13?
11
Suppose 12 = g + 4*t, 2*t + 46 = 3*g - 46. Let a(m) = m**3 + 5*m**2 + 2*m + 2. Calculate the remainder when g is divided by a(-2).
8
Let s = 137 - -47. Calculate the remainder when s is divided by 11.
8
Let w(o) = -22*o - 6. Let t be w(-5). Suppose -t = -z + 4*p, -z - z + p = -173. Suppose 4*f - 2*u = z, -2*u = u. What is the remain